{"id":17138,"date":"2024-11-11T14:28:47","date_gmt":"2024-11-11T14:28:47","guid":{"rendered":"https:\/\/owistoremaroc.com\/?post_type=product&#038;p=17138"},"modified":"2026-04-13T01:45:43","modified_gmt":"2026-04-13T01:45:43","slug":"corsair-vengeance-lpx-series-low-profile-16go-2x-8go-ddr4-3200-mhz-cl16-2","status":"publish","type":"product","link":"https:\/\/owistoremaroc.com\/index.php\/produit\/corsair-vengeance-lpx-series-low-profile-16go-2x-8go-ddr4-3200-mhz-cl16-2\/","title":{"rendered":"Corsair Vengeance LPX Series Low Profile 16Go (2x 8Go) DDR4 3200 MHz CL16"},"content":{"rendered":"<p>Avec la nouvelle gamme de m\u00e9moires PC haut de gamme Vengeance LPX Series, Corsair propose des solutions stables et performantes pour les plateformes nouvelle g\u00e9n\u00e9ration avec en prime un fort potentiel d&#8217;overclocking. Avec des tensions nominales de 1.2V les m\u00e9moires PC Vengeance LPX Series sont optimis\u00e9es pour les plateformes Intel ou AMD les plus r\u00e9centes et assurent la compatibilit\u00e9 avec celles \u00e0 venir.<\/p>\n","protected":false},"excerpt":{"rendered":"<p>Kit Dual Channel 2 barrettes de RAM DDR4 PC4-25600 &#8211; CMK16GX4M2E3200C16<\/p>\n","protected":false},"featured_media":17139,"comment_status":"open","ping_status":"closed","template":"","meta":{"ub_ctt_via":""},"product_cat":[331],"product_tag":[],"class_list":{"0":"post-17138","1":"product","2":"type-product","3":"status-publish","4":"has-post-thumbnail","6":"product_cat-ram-udimm","8":"first","9":"instock","10":"sale","11":"shipping-taxable","12":"purchasable","13":"product-type-simple","14":"add-to-wishlist-after_add_to_cart"},"yoast_head":"<!-- This site is optimized with the Yoast SEO plugin v23.4 - https:\/\/yoast.com\/wordpress\/plugins\/seo\/ -->\n<title>Corsair Vengeance LPX Series Low Profile 16Go (2x 8Go) DDR4 3200 MHz CL16 - OwiStore<\/title>\n<meta name=\"robots\" content=\"index, follow, max-snippet:-1, max-image-preview:large, max-video-preview:-1\" \/>\n<link rel=\"canonical\" href=\"https:\/\/owistoremaroc.com\/index.php\/produit\/corsair-vengeance-lpx-series-low-profile-16go-2x-8go-ddr4-3200-mhz-cl16-2\/\" \/>\n<meta property=\"og:locale\" content=\"fr_FR\" \/>\n<meta property=\"og:type\" content=\"article\" \/>\n<meta property=\"og:title\" content=\"Corsair Vengeance LPX Series Low Profile 16Go (2x 8Go) DDR4 3200 MHz CL16 - OwiStore\" \/>\n<meta property=\"og:description\" content=\"Kit Dual Channel 2 barrettes de RAM DDR4 PC4-25600 - CMK16GX4M2E3200C16\" \/>\n<meta property=\"og:url\" content=\"https:\/\/owistoremaroc.com\/index.php\/produit\/corsair-vengeance-lpx-series-low-profile-16go-2x-8go-ddr4-3200-mhz-cl16-2\/\" \/>\n<meta property=\"og:site_name\" content=\"OwiStore\" \/>\n<meta property=\"article:modified_time\" content=\"2026-04-13T01:45:43+00:00\" \/>\n<meta property=\"og:image\" content=\"https:\/\/owistoremaroc.com\/wp-content\/uploads\/2024\/11\/corsair-vengeance-lpx-series-low-profile-16go-2x-8go-ddr4-3200-mhz-cl16-1.jpg\" \/>\n\t<meta property=\"og:image:width\" content=\"600\" \/>\n\t<meta property=\"og:image:height\" content=\"600\" \/>\n\t<meta property=\"og:image:type\" content=\"image\/jpeg\" \/>\n<meta name=\"twitter:card\" content=\"summary_large_image\" \/>\n<meta name=\"twitter:label1\" content=\"Dur\u00e9e de lecture estim\u00e9e\" \/>\n\t<meta name=\"twitter:data1\" content=\"1 minute\" \/>\n<script type=\"application\/ld+json\" class=\"yoast-schema-graph\">{\"@context\":\"https:\/\/schema.org\",\"@graph\":[{\"@type\":\"WebPage\",\"@id\":\"https:\/\/owistoremaroc.com\/index.php\/produit\/corsair-vengeance-lpx-series-low-profile-16go-2x-8go-ddr4-3200-mhz-cl16-2\/\",\"url\":\"https:\/\/owistoremaroc.com\/index.php\/produit\/corsair-vengeance-lpx-series-low-profile-16go-2x-8go-ddr4-3200-mhz-cl16-2\/\",\"name\":\"Corsair Vengeance LPX Series Low Profile 16Go (2x 8Go) DDR4 3200 MHz CL16 - OwiStore\",\"isPartOf\":{\"@id\":\"https:\/\/owistoremaroc.com\/#website\"},\"primaryImageOfPage\":{\"@id\":\"https:\/\/owistoremaroc.com\/index.php\/produit\/corsair-vengeance-lpx-series-low-profile-16go-2x-8go-ddr4-3200-mhz-cl16-2\/#primaryimage\"},\"image\":{\"@id\":\"https:\/\/owistoremaroc.com\/index.php\/produit\/corsair-vengeance-lpx-series-low-profile-16go-2x-8go-ddr4-3200-mhz-cl16-2\/#primaryimage\"},\"thumbnailUrl\":\"https:\/\/owistoremaroc.com\/wp-content\/uploads\/2024\/11\/corsair-vengeance-lpx-series-low-profile-16go-2x-8go-ddr4-3200-mhz-cl16-1.jpg\",\"datePublished\":\"2024-11-11T14:28:47+00:00\",\"dateModified\":\"2026-04-13T01:45:43+00:00\",\"breadcrumb\":{\"@id\":\"https:\/\/owistoremaroc.com\/index.php\/produit\/corsair-vengeance-lpx-series-low-profile-16go-2x-8go-ddr4-3200-mhz-cl16-2\/#breadcrumb\"},\"inLanguage\":\"fr-FR\",\"potentialAction\":[{\"@type\":\"ReadAction\",\"target\":[\"https:\/\/owistoremaroc.com\/index.php\/produit\/corsair-vengeance-lpx-series-low-profile-16go-2x-8go-ddr4-3200-mhz-cl16-2\/\"]}]},{\"@type\":\"ImageObject\",\"inLanguage\":\"fr-FR\",\"@id\":\"https:\/\/owistoremaroc.com\/index.php\/produit\/corsair-vengeance-lpx-series-low-profile-16go-2x-8go-ddr4-3200-mhz-cl16-2\/#primaryimage\",\"url\":\"https:\/\/owistoremaroc.com\/wp-content\/uploads\/2024\/11\/corsair-vengeance-lpx-series-low-profile-16go-2x-8go-ddr4-3200-mhz-cl16-1.jpg\",\"contentUrl\":\"https:\/\/owistoremaroc.com\/wp-content\/uploads\/2024\/11\/corsair-vengeance-lpx-series-low-profile-16go-2x-8go-ddr4-3200-mhz-cl16-1.jpg\",\"width\":600,\"height\":600},{\"@type\":\"BreadcrumbList\",\"@id\":\"https:\/\/owistoremaroc.com\/index.php\/produit\/corsair-vengeance-lpx-series-low-profile-16go-2x-8go-ddr4-3200-mhz-cl16-2\/#breadcrumb\",\"itemListElement\":[{\"@type\":\"ListItem\",\"position\":1,\"name\":\"Accueil\",\"item\":\"https:\/\/owistoremaroc.com\/\"},{\"@type\":\"ListItem\",\"position\":2,\"name\":\"Shop\",\"item\":\"https:\/\/owistoremaroc.com\/index.php\/shop\/\"},{\"@type\":\"ListItem\",\"position\":3,\"name\":\"Corsair Vengeance LPX Series Low Profile 16Go (2x 8Go) DDR4 3200 MHz CL16\"}]},{\"@type\":\"WebSite\",\"@id\":\"https:\/\/owistoremaroc.com\/#website\",\"url\":\"https:\/\/owistoremaroc.com\/\",\"name\":\"OwiStore\",\"description\":\"\",\"publisher\":{\"@id\":\"https:\/\/owistoremaroc.com\/#organization\"},\"potentialAction\":[{\"@type\":\"SearchAction\",\"target\":{\"@type\":\"EntryPoint\",\"urlTemplate\":\"https:\/\/owistoremaroc.com\/?s={search_term_string}\"},\"query-input\":{\"@type\":\"PropertyValueSpecification\",\"valueRequired\":true,\"valueName\":\"search_term_string\"}}],\"inLanguage\":\"fr-FR\"},{\"@type\":\"Organization\",\"@id\":\"https:\/\/owistoremaroc.com\/#organization\",\"name\":\"OwiStore\",\"url\":\"https:\/\/owistoremaroc.com\/\",\"logo\":{\"@type\":\"ImageObject\",\"inLanguage\":\"fr-FR\",\"@id\":\"https:\/\/owistoremaroc.com\/#\/schema\/logo\/image\/\",\"url\":\"https:\/\/owistoremaroc.com\/wp-content\/uploads\/2024\/07\/PhotoRoom-20240711_150305.png\",\"contentUrl\":\"https:\/\/owistoremaroc.com\/wp-content\/uploads\/2024\/07\/PhotoRoom-20240711_150305.png\",\"width\":1080,\"height\":1080,\"caption\":\"OwiStore\"},\"image\":{\"@id\":\"https:\/\/owistoremaroc.com\/#\/schema\/logo\/image\/\"}}]}<\/script>\n<!-- \/ Yoast SEO plugin. -->","yoast_head_json":{"title":"Corsair Vengeance LPX Series Low Profile 16Go (2x 8Go) DDR4 3200 MHz CL16 - OwiStore","robots":{"index":"index","follow":"follow","max-snippet":"max-snippet:-1","max-image-preview":"max-image-preview:large","max-video-preview":"max-video-preview:-1"},"canonical":"https:\/\/owistoremaroc.com\/index.php\/produit\/corsair-vengeance-lpx-series-low-profile-16go-2x-8go-ddr4-3200-mhz-cl16-2\/","og_locale":"fr_FR","og_type":"article","og_title":"Corsair Vengeance LPX Series Low Profile 16Go (2x 8Go) DDR4 3200 MHz CL16 - OwiStore","og_description":"Kit Dual Channel 2 barrettes de RAM DDR4 PC4-25600 - CMK16GX4M2E3200C16","og_url":"https:\/\/owistoremaroc.com\/index.php\/produit\/corsair-vengeance-lpx-series-low-profile-16go-2x-8go-ddr4-3200-mhz-cl16-2\/","og_site_name":"OwiStore","article_modified_time":"2026-04-13T01:45:43+00:00","og_image":[{"width":600,"height":600,"url":"https:\/\/owistoremaroc.com\/wp-content\/uploads\/2024\/11\/corsair-vengeance-lpx-series-low-profile-16go-2x-8go-ddr4-3200-mhz-cl16-1.jpg","type":"image\/jpeg"}],"twitter_card":"summary_large_image","twitter_misc":{"Dur\u00e9e de lecture estim\u00e9e":"1 minute"},"schema":{"@context":"https:\/\/schema.org","@graph":[{"@type":"WebPage","@id":"https:\/\/owistoremaroc.com\/index.php\/produit\/corsair-vengeance-lpx-series-low-profile-16go-2x-8go-ddr4-3200-mhz-cl16-2\/","url":"https:\/\/owistoremaroc.com\/index.php\/produit\/corsair-vengeance-lpx-series-low-profile-16go-2x-8go-ddr4-3200-mhz-cl16-2\/","name":"Corsair Vengeance LPX Series Low Profile 16Go (2x 8Go) DDR4 3200 MHz CL16 - OwiStore","isPartOf":{"@id":"https:\/\/owistoremaroc.com\/#website"},"primaryImageOfPage":{"@id":"https:\/\/owistoremaroc.com\/index.php\/produit\/corsair-vengeance-lpx-series-low-profile-16go-2x-8go-ddr4-3200-mhz-cl16-2\/#primaryimage"},"image":{"@id":"https:\/\/owistoremaroc.com\/index.php\/produit\/corsair-vengeance-lpx-series-low-profile-16go-2x-8go-ddr4-3200-mhz-cl16-2\/#primaryimage"},"thumbnailUrl":"https:\/\/owistoremaroc.com\/wp-content\/uploads\/2024\/11\/corsair-vengeance-lpx-series-low-profile-16go-2x-8go-ddr4-3200-mhz-cl16-1.jpg","datePublished":"2024-11-11T14:28:47+00:00","dateModified":"2026-04-13T01:45:43+00:00","breadcrumb":{"@id":"https:\/\/owistoremaroc.com\/index.php\/produit\/corsair-vengeance-lpx-series-low-profile-16go-2x-8go-ddr4-3200-mhz-cl16-2\/#breadcrumb"},"inLanguage":"fr-FR","potentialAction":[{"@type":"ReadAction","target":["https:\/\/owistoremaroc.com\/index.php\/produit\/corsair-vengeance-lpx-series-low-profile-16go-2x-8go-ddr4-3200-mhz-cl16-2\/"]}]},{"@type":"ImageObject","inLanguage":"fr-FR","@id":"https:\/\/owistoremaroc.com\/index.php\/produit\/corsair-vengeance-lpx-series-low-profile-16go-2x-8go-ddr4-3200-mhz-cl16-2\/#primaryimage","url":"https:\/\/owistoremaroc.com\/wp-content\/uploads\/2024\/11\/corsair-vengeance-lpx-series-low-profile-16go-2x-8go-ddr4-3200-mhz-cl16-1.jpg","contentUrl":"https:\/\/owistoremaroc.com\/wp-content\/uploads\/2024\/11\/corsair-vengeance-lpx-series-low-profile-16go-2x-8go-ddr4-3200-mhz-cl16-1.jpg","width":600,"height":600},{"@type":"BreadcrumbList","@id":"https:\/\/owistoremaroc.com\/index.php\/produit\/corsair-vengeance-lpx-series-low-profile-16go-2x-8go-ddr4-3200-mhz-cl16-2\/#breadcrumb","itemListElement":[{"@type":"ListItem","position":1,"name":"Accueil","item":"https:\/\/owistoremaroc.com\/"},{"@type":"ListItem","position":2,"name":"Shop","item":"https:\/\/owistoremaroc.com\/index.php\/shop\/"},{"@type":"ListItem","position":3,"name":"Corsair Vengeance LPX Series Low Profile 16Go (2x 8Go) DDR4 3200 MHz CL16"}]},{"@type":"WebSite","@id":"https:\/\/owistoremaroc.com\/#website","url":"https:\/\/owistoremaroc.com\/","name":"OwiStore","description":"","publisher":{"@id":"https:\/\/owistoremaroc.com\/#organization"},"potentialAction":[{"@type":"SearchAction","target":{"@type":"EntryPoint","urlTemplate":"https:\/\/owistoremaroc.com\/?s={search_term_string}"},"query-input":{"@type":"PropertyValueSpecification","valueRequired":true,"valueName":"search_term_string"}}],"inLanguage":"fr-FR"},{"@type":"Organization","@id":"https:\/\/owistoremaroc.com\/#organization","name":"OwiStore","url":"https:\/\/owistoremaroc.com\/","logo":{"@type":"ImageObject","inLanguage":"fr-FR","@id":"https:\/\/owistoremaroc.com\/#\/schema\/logo\/image\/","url":"https:\/\/owistoremaroc.com\/wp-content\/uploads\/2024\/07\/PhotoRoom-20240711_150305.png","contentUrl":"https:\/\/owistoremaroc.com\/wp-content\/uploads\/2024\/07\/PhotoRoom-20240711_150305.png","width":1080,"height":1080,"caption":"OwiStore"},"image":{"@id":"https:\/\/owistoremaroc.com\/#\/schema\/logo\/image\/"}}]}},"_links":{"self":[{"href":"https:\/\/owistoremaroc.com\/index.php\/wp-json\/wp\/v2\/product\/17138","targetHints":{"allow":["GET"]}}],"collection":[{"href":"https:\/\/owistoremaroc.com\/index.php\/wp-json\/wp\/v2\/product"}],"about":[{"href":"https:\/\/owistoremaroc.com\/index.php\/wp-json\/wp\/v2\/types\/product"}],"replies":[{"embeddable":true,"href":"https:\/\/owistoremaroc.com\/index.php\/wp-json\/wp\/v2\/comments?post=17138"}],"version-history":[{"count":1,"href":"https:\/\/owistoremaroc.com\/index.php\/wp-json\/wp\/v2\/product\/17138\/revisions"}],"predecessor-version":[{"id":17140,"href":"https:\/\/owistoremaroc.com\/index.php\/wp-json\/wp\/v2\/product\/17138\/revisions\/17140"}],"wp:featuredmedia":[{"embeddable":true,"href":"https:\/\/owistoremaroc.com\/index.php\/wp-json\/wp\/v2\/media\/17139"}],"wp:attachment":[{"href":"https:\/\/owistoremaroc.com\/index.php\/wp-json\/wp\/v2\/media?parent=17138"}],"wp:term":[{"taxonomy":"product_cat","embeddable":true,"href":"https:\/\/owistoremaroc.com\/index.php\/wp-json\/wp\/v2\/product_cat?post=17138"},{"taxonomy":"product_tag","embeddable":true,"href":"https:\/\/owistoremaroc.com\/index.php\/wp-json\/wp\/v2\/product_tag?post=17138"}],"curies":[{"name":"wp","href":"https:\/\/api.w.org\/{rel}","templated":true}]}}