{"id":16632,"date":"2024-09-27T15:12:56","date_gmt":"2024-09-27T15:12:56","guid":{"rendered":"https:\/\/owistoremaroc.com\/?post_type=product&#038;p=16632"},"modified":"2024-09-27T15:12:56","modified_gmt":"2024-09-27T15:12:56","slug":"ecran-238-full-hd-hp-p24-g5","status":"publish","type":"product","link":"https:\/\/owistoremaroc.com\/index.php\/produit\/ecran-238-full-hd-hp-p24-g5\/","title":{"rendered":"\u00c9cran 23,8&#8243; Full HD HP P24 G5"},"content":{"rendered":"<p style=\"font-weight: 400;\"><b><strong>\u00c9cran 23,8&#8243; Full HD HP P24 G5 (64X66AS)<\/strong><\/b><\/p>\n<p style=\"font-weight: 400;\">Taille de l&#8217;\u00e9cran: 60,5 cm (23,8 pouces) &#8211; Format 16:9<\/p>\n<p style=\"font-weight: 400;\">Courbure de l&#8217;\u00e9cran: Plat<\/p>\n<p style=\"font-weight: 400;\">Type de Dalle: IPS<\/p>\n<p style=\"font-weight: 400;\">R\u00e9solution: FHD (1920 x 1080)<\/p>\n<p style=\"font-weight: 400;\">Temps de r\u00e9ponse: 5ms GtG (avec surcharge)<\/p>\n<p style=\"font-weight: 400;\">Taux de rafra\u00eechissement: 75 Hz<\/p>\n<p style=\"font-weight: 400;\">Connecteurs d&#8217;entr\u00e9e: VGA, DisplayPort, HDMI<\/p>\n<p style=\"font-weight: 400;\">R\u00e9glages de la position de l&#8217;\u00e9cran: -5 \u00e0 +23 \u00b0C<\/p>\n","protected":false},"excerpt":{"rendered":"<h1 class=\"h1 product-detail-name\">\u00c9cran 23,8&#8243; Full HD HP P24 G5 (64X66AS)<\/h1>\n","protected":false},"featured_media":16633,"comment_status":"open","ping_status":"closed","template":"","meta":{"ub_ctt_via":""},"product_cat":[274],"product_tag":[],"class_list":{"0":"post-16632","1":"product","2":"type-product","3":"status-publish","4":"has-post-thumbnail","6":"product_cat-ecran-pc","8":"first","9":"instock","10":"sale","11":"shipping-taxable","12":"purchasable","13":"product-type-simple","14":"add-to-wishlist-after_add_to_cart"},"yoast_head":"<!-- This site is optimized with the Yoast SEO plugin v23.4 - https:\/\/yoast.com\/wordpress\/plugins\/seo\/ -->\n<title>\u00c9cran 23,8&quot; Full HD HP P24 G5 - OwiStore<\/title>\n<meta name=\"robots\" content=\"index, follow, max-snippet:-1, max-image-preview:large, max-video-preview:-1\" \/>\n<link rel=\"canonical\" href=\"https:\/\/owistoremaroc.com\/index.php\/produit\/ecran-238-full-hd-hp-p24-g5\/\" \/>\n<meta property=\"og:locale\" content=\"fr_FR\" \/>\n<meta property=\"og:type\" content=\"article\" \/>\n<meta property=\"og:title\" content=\"\u00c9cran 23,8&quot; Full HD HP P24 G5 - OwiStore\" \/>\n<meta property=\"og:description\" content=\"\u00c9cran 23,8&quot; Full HD HP P24 G5 (64X66AS)\" \/>\n<meta property=\"og:url\" content=\"https:\/\/owistoremaroc.com\/index.php\/produit\/ecran-238-full-hd-hp-p24-g5\/\" \/>\n<meta property=\"og:site_name\" content=\"OwiStore\" \/>\n<meta property=\"og:image\" content=\"https:\/\/owistoremaroc.com\/wp-content\/uploads\/2024\/09\/ecran-238-full-hd-hp-p24-g5-64x66as.jpg\" \/>\n\t<meta property=\"og:image:width\" content=\"1000\" \/>\n\t<meta property=\"og:image:height\" content=\"1260\" \/>\n\t<meta property=\"og:image:type\" content=\"image\/jpeg\" \/>\n<meta name=\"twitter:card\" content=\"summary_large_image\" \/>\n<meta name=\"twitter:label1\" content=\"Dur\u00e9e de lecture estim\u00e9e\" \/>\n\t<meta name=\"twitter:data1\" content=\"1 minute\" \/>\n<script type=\"application\/ld+json\" class=\"yoast-schema-graph\">{\"@context\":\"https:\/\/schema.org\",\"@graph\":[{\"@type\":\"WebPage\",\"@id\":\"https:\/\/owistoremaroc.com\/index.php\/produit\/ecran-238-full-hd-hp-p24-g5\/\",\"url\":\"https:\/\/owistoremaroc.com\/index.php\/produit\/ecran-238-full-hd-hp-p24-g5\/\",\"name\":\"\u00c9cran 23,8\\\" Full HD HP P24 G5 - OwiStore\",\"isPartOf\":{\"@id\":\"https:\/\/owistoremaroc.com\/#website\"},\"primaryImageOfPage\":{\"@id\":\"https:\/\/owistoremaroc.com\/index.php\/produit\/ecran-238-full-hd-hp-p24-g5\/#primaryimage\"},\"image\":{\"@id\":\"https:\/\/owistoremaroc.com\/index.php\/produit\/ecran-238-full-hd-hp-p24-g5\/#primaryimage\"},\"thumbnailUrl\":\"https:\/\/owistoremaroc.com\/wp-content\/uploads\/2024\/09\/ecran-238-full-hd-hp-p24-g5-64x66as.jpg\",\"datePublished\":\"2024-09-27T15:12:56+00:00\",\"dateModified\":\"2024-09-27T15:12:56+00:00\",\"breadcrumb\":{\"@id\":\"https:\/\/owistoremaroc.com\/index.php\/produit\/ecran-238-full-hd-hp-p24-g5\/#breadcrumb\"},\"inLanguage\":\"fr-FR\",\"potentialAction\":[{\"@type\":\"ReadAction\",\"target\":[\"https:\/\/owistoremaroc.com\/index.php\/produit\/ecran-238-full-hd-hp-p24-g5\/\"]}]},{\"@type\":\"ImageObject\",\"inLanguage\":\"fr-FR\",\"@id\":\"https:\/\/owistoremaroc.com\/index.php\/produit\/ecran-238-full-hd-hp-p24-g5\/#primaryimage\",\"url\":\"https:\/\/owistoremaroc.com\/wp-content\/uploads\/2024\/09\/ecran-238-full-hd-hp-p24-g5-64x66as.jpg\",\"contentUrl\":\"https:\/\/owistoremaroc.com\/wp-content\/uploads\/2024\/09\/ecran-238-full-hd-hp-p24-g5-64x66as.jpg\",\"width\":1000,\"height\":1260},{\"@type\":\"BreadcrumbList\",\"@id\":\"https:\/\/owistoremaroc.com\/index.php\/produit\/ecran-238-full-hd-hp-p24-g5\/#breadcrumb\",\"itemListElement\":[{\"@type\":\"ListItem\",\"position\":1,\"name\":\"Accueil\",\"item\":\"https:\/\/owistoremaroc.com\/\"},{\"@type\":\"ListItem\",\"position\":2,\"name\":\"Shop\",\"item\":\"https:\/\/owistoremaroc.com\/index.php\/shop\/\"},{\"@type\":\"ListItem\",\"position\":3,\"name\":\"\u00c9cran 23,8&Prime; Full HD HP P24 G5\"}]},{\"@type\":\"WebSite\",\"@id\":\"https:\/\/owistoremaroc.com\/#website\",\"url\":\"https:\/\/owistoremaroc.com\/\",\"name\":\"OwiStore\",\"description\":\"\",\"publisher\":{\"@id\":\"https:\/\/owistoremaroc.com\/#organization\"},\"potentialAction\":[{\"@type\":\"SearchAction\",\"target\":{\"@type\":\"EntryPoint\",\"urlTemplate\":\"https:\/\/owistoremaroc.com\/?s={search_term_string}\"},\"query-input\":{\"@type\":\"PropertyValueSpecification\",\"valueRequired\":true,\"valueName\":\"search_term_string\"}}],\"inLanguage\":\"fr-FR\"},{\"@type\":\"Organization\",\"@id\":\"https:\/\/owistoremaroc.com\/#organization\",\"name\":\"OwiStore\",\"url\":\"https:\/\/owistoremaroc.com\/\",\"logo\":{\"@type\":\"ImageObject\",\"inLanguage\":\"fr-FR\",\"@id\":\"https:\/\/owistoremaroc.com\/#\/schema\/logo\/image\/\",\"url\":\"https:\/\/owistoremaroc.com\/wp-content\/uploads\/2024\/07\/PhotoRoom-20240711_150305.png\",\"contentUrl\":\"https:\/\/owistoremaroc.com\/wp-content\/uploads\/2024\/07\/PhotoRoom-20240711_150305.png\",\"width\":1080,\"height\":1080,\"caption\":\"OwiStore\"},\"image\":{\"@id\":\"https:\/\/owistoremaroc.com\/#\/schema\/logo\/image\/\"}}]}<\/script>\n<!-- \/ Yoast SEO plugin. -->","yoast_head_json":{"title":"\u00c9cran 23,8\" Full HD HP P24 G5 - OwiStore","robots":{"index":"index","follow":"follow","max-snippet":"max-snippet:-1","max-image-preview":"max-image-preview:large","max-video-preview":"max-video-preview:-1"},"canonical":"https:\/\/owistoremaroc.com\/index.php\/produit\/ecran-238-full-hd-hp-p24-g5\/","og_locale":"fr_FR","og_type":"article","og_title":"\u00c9cran 23,8\" Full HD HP P24 G5 - OwiStore","og_description":"\u00c9cran 23,8\" Full HD HP P24 G5 (64X66AS)","og_url":"https:\/\/owistoremaroc.com\/index.php\/produit\/ecran-238-full-hd-hp-p24-g5\/","og_site_name":"OwiStore","og_image":[{"width":1000,"height":1260,"url":"https:\/\/owistoremaroc.com\/wp-content\/uploads\/2024\/09\/ecran-238-full-hd-hp-p24-g5-64x66as.jpg","type":"image\/jpeg"}],"twitter_card":"summary_large_image","twitter_misc":{"Dur\u00e9e de lecture estim\u00e9e":"1 minute"},"schema":{"@context":"https:\/\/schema.org","@graph":[{"@type":"WebPage","@id":"https:\/\/owistoremaroc.com\/index.php\/produit\/ecran-238-full-hd-hp-p24-g5\/","url":"https:\/\/owistoremaroc.com\/index.php\/produit\/ecran-238-full-hd-hp-p24-g5\/","name":"\u00c9cran 23,8\" Full HD HP P24 G5 - OwiStore","isPartOf":{"@id":"https:\/\/owistoremaroc.com\/#website"},"primaryImageOfPage":{"@id":"https:\/\/owistoremaroc.com\/index.php\/produit\/ecran-238-full-hd-hp-p24-g5\/#primaryimage"},"image":{"@id":"https:\/\/owistoremaroc.com\/index.php\/produit\/ecran-238-full-hd-hp-p24-g5\/#primaryimage"},"thumbnailUrl":"https:\/\/owistoremaroc.com\/wp-content\/uploads\/2024\/09\/ecran-238-full-hd-hp-p24-g5-64x66as.jpg","datePublished":"2024-09-27T15:12:56+00:00","dateModified":"2024-09-27T15:12:56+00:00","breadcrumb":{"@id":"https:\/\/owistoremaroc.com\/index.php\/produit\/ecran-238-full-hd-hp-p24-g5\/#breadcrumb"},"inLanguage":"fr-FR","potentialAction":[{"@type":"ReadAction","target":["https:\/\/owistoremaroc.com\/index.php\/produit\/ecran-238-full-hd-hp-p24-g5\/"]}]},{"@type":"ImageObject","inLanguage":"fr-FR","@id":"https:\/\/owistoremaroc.com\/index.php\/produit\/ecran-238-full-hd-hp-p24-g5\/#primaryimage","url":"https:\/\/owistoremaroc.com\/wp-content\/uploads\/2024\/09\/ecran-238-full-hd-hp-p24-g5-64x66as.jpg","contentUrl":"https:\/\/owistoremaroc.com\/wp-content\/uploads\/2024\/09\/ecran-238-full-hd-hp-p24-g5-64x66as.jpg","width":1000,"height":1260},{"@type":"BreadcrumbList","@id":"https:\/\/owistoremaroc.com\/index.php\/produit\/ecran-238-full-hd-hp-p24-g5\/#breadcrumb","itemListElement":[{"@type":"ListItem","position":1,"name":"Accueil","item":"https:\/\/owistoremaroc.com\/"},{"@type":"ListItem","position":2,"name":"Shop","item":"https:\/\/owistoremaroc.com\/index.php\/shop\/"},{"@type":"ListItem","position":3,"name":"\u00c9cran 23,8&Prime; Full HD HP P24 G5"}]},{"@type":"WebSite","@id":"https:\/\/owistoremaroc.com\/#website","url":"https:\/\/owistoremaroc.com\/","name":"OwiStore","description":"","publisher":{"@id":"https:\/\/owistoremaroc.com\/#organization"},"potentialAction":[{"@type":"SearchAction","target":{"@type":"EntryPoint","urlTemplate":"https:\/\/owistoremaroc.com\/?s={search_term_string}"},"query-input":{"@type":"PropertyValueSpecification","valueRequired":true,"valueName":"search_term_string"}}],"inLanguage":"fr-FR"},{"@type":"Organization","@id":"https:\/\/owistoremaroc.com\/#organization","name":"OwiStore","url":"https:\/\/owistoremaroc.com\/","logo":{"@type":"ImageObject","inLanguage":"fr-FR","@id":"https:\/\/owistoremaroc.com\/#\/schema\/logo\/image\/","url":"https:\/\/owistoremaroc.com\/wp-content\/uploads\/2024\/07\/PhotoRoom-20240711_150305.png","contentUrl":"https:\/\/owistoremaroc.com\/wp-content\/uploads\/2024\/07\/PhotoRoom-20240711_150305.png","width":1080,"height":1080,"caption":"OwiStore"},"image":{"@id":"https:\/\/owistoremaroc.com\/#\/schema\/logo\/image\/"}}]}},"_links":{"self":[{"href":"https:\/\/owistoremaroc.com\/index.php\/wp-json\/wp\/v2\/product\/16632","targetHints":{"allow":["GET"]}}],"collection":[{"href":"https:\/\/owistoremaroc.com\/index.php\/wp-json\/wp\/v2\/product"}],"about":[{"href":"https:\/\/owistoremaroc.com\/index.php\/wp-json\/wp\/v2\/types\/product"}],"replies":[{"embeddable":true,"href":"https:\/\/owistoremaroc.com\/index.php\/wp-json\/wp\/v2\/comments?post=16632"}],"version-history":[{"count":1,"href":"https:\/\/owistoremaroc.com\/index.php\/wp-json\/wp\/v2\/product\/16632\/revisions"}],"predecessor-version":[{"id":16634,"href":"https:\/\/owistoremaroc.com\/index.php\/wp-json\/wp\/v2\/product\/16632\/revisions\/16634"}],"wp:featuredmedia":[{"embeddable":true,"href":"https:\/\/owistoremaroc.com\/index.php\/wp-json\/wp\/v2\/media\/16633"}],"wp:attachment":[{"href":"https:\/\/owistoremaroc.com\/index.php\/wp-json\/wp\/v2\/media?parent=16632"}],"wp:term":[{"taxonomy":"product_cat","embeddable":true,"href":"https:\/\/owistoremaroc.com\/index.php\/wp-json\/wp\/v2\/product_cat?post=16632"},{"taxonomy":"product_tag","embeddable":true,"href":"https:\/\/owistoremaroc.com\/index.php\/wp-json\/wp\/v2\/product_tag?post=16632"}],"curies":[{"name":"wp","href":"https:\/\/api.w.org\/{rel}","templated":true}]}}