{"id":16221,"date":"2024-09-23T09:41:45","date_gmt":"2024-09-23T09:41:45","guid":{"rendered":"https:\/\/owistoremaroc.com\/?post_type=product&#038;p=16221"},"modified":"2024-09-23T09:41:45","modified_gmt":"2024-09-23T09:41:45","slug":"epson-ecotank-l5290-imprimante-pro-multifonction-a-reservoirs-rechargeables","status":"publish","type":"product","link":"https:\/\/owistoremaroc.com\/index.php\/produit\/epson-ecotank-l5290-imprimante-pro-multifonction-a-reservoirs-rechargeables\/","title":{"rendered":"Epson EcoTank L5290 Imprimante pro multifonction \u00e0 r\u00e9servoirs rechargeables"},"content":{"rendered":"<p style=\"font-weight: 400;\">Impression, copie, num\u00e9risation, fax<\/p>\n<p style=\"font-weight: 400;\">Livr\u00e9e avec encre noire jusqu&#8217;\u00e0 8100 pages et 6500 pages en couleur<\/p>\n<p style=\"font-weight: 400;\">Vitesse d&#8217;impression noir: 33 pages\/min (10 pages\/min en norme ISO)<\/p>\n<p style=\"font-weight: 400;\">Vitesse d&#8217;impression couleur: 15 pages\/min (5 pages\/min en norme ISO)<\/p>\n<p style=\"font-weight: 400;\">Qualit\u00e9 d&#8217;impression noire: 5.760 x 1.440 DPI (ppp)<\/p>\n<p style=\"font-weight: 400;\">Qualit\u00e9 d&#8217;impression couleur: 5.760 x 1.440 DPI (ppp)<\/p>\n<p style=\"font-weight: 400;\">Impression recto\/verso: Manuelle<\/p>\n<p style=\"font-weight: 400;\">Fonctionne avec: 4 R\u00e9servoirs (Noir, Cyan, Jaune, Magenta)<\/p>\n<p style=\"font-weight: 400;\">Connectivit\u00e9: Wi-Fi, USB, Ethernet, Wi-Fi Direct<\/p>\n","protected":false},"excerpt":{"rendered":"<p><b>Epson EcoTank L5290 Imprimante pro multifonction \u00e0 r\u00e9servoirs rechargeables<\/b><\/p>\n","protected":false},"featured_media":16222,"comment_status":"open","ping_status":"closed","template":"","meta":{"ub_ctt_via":""},"product_cat":[262],"product_tag":[],"class_list":{"0":"post-16221","1":"product","2":"type-product","3":"status-publish","4":"has-post-thumbnail","6":"product_cat-multifonction","8":"first","9":"instock","10":"sale","11":"shipping-taxable","12":"purchasable","13":"product-type-simple","14":"add-to-wishlist-after_add_to_cart"},"yoast_head":"<!-- This site is optimized with the Yoast SEO plugin v23.4 - https:\/\/yoast.com\/wordpress\/plugins\/seo\/ -->\n<title>Epson EcoTank L5290 Imprimante pro multifonction \u00e0 r\u00e9servoirs rechargeables - OwiStore<\/title>\n<meta name=\"robots\" content=\"index, follow, max-snippet:-1, max-image-preview:large, max-video-preview:-1\" \/>\n<link rel=\"canonical\" href=\"https:\/\/owistoremaroc.com\/index.php\/produit\/epson-ecotank-l5290-imprimante-pro-multifonction-a-reservoirs-rechargeables\/\" \/>\n<meta property=\"og:locale\" content=\"fr_FR\" \/>\n<meta property=\"og:type\" content=\"article\" \/>\n<meta property=\"og:title\" content=\"Epson EcoTank L5290 Imprimante pro multifonction \u00e0 r\u00e9servoirs rechargeables - OwiStore\" \/>\n<meta property=\"og:description\" content=\"Epson EcoTank L5290 Imprimante pro multifonction \u00e0 r\u00e9servoirs rechargeables\" \/>\n<meta property=\"og:url\" content=\"https:\/\/owistoremaroc.com\/index.php\/produit\/epson-ecotank-l5290-imprimante-pro-multifonction-a-reservoirs-rechargeables\/\" \/>\n<meta property=\"og:site_name\" content=\"OwiStore\" \/>\n<meta property=\"og:image\" content=\"https:\/\/owistoremaroc.com\/wp-content\/uploads\/2024\/09\/epson-ecotank-l5290-imprimante-pro-multifonction-a-reservoirs-rechargeables-c11cj65405.webp\" \/>\n\t<meta property=\"og:image:width\" content=\"1000\" \/>\n\t<meta property=\"og:image:height\" content=\"1260\" \/>\n\t<meta property=\"og:image:type\" content=\"image\/webp\" \/>\n<meta name=\"twitter:card\" content=\"summary_large_image\" \/>\n<meta name=\"twitter:label1\" content=\"Dur\u00e9e de lecture estim\u00e9e\" \/>\n\t<meta name=\"twitter:data1\" content=\"1 minute\" \/>\n<script type=\"application\/ld+json\" class=\"yoast-schema-graph\">{\"@context\":\"https:\/\/schema.org\",\"@graph\":[{\"@type\":\"WebPage\",\"@id\":\"https:\/\/owistoremaroc.com\/index.php\/produit\/epson-ecotank-l5290-imprimante-pro-multifonction-a-reservoirs-rechargeables\/\",\"url\":\"https:\/\/owistoremaroc.com\/index.php\/produit\/epson-ecotank-l5290-imprimante-pro-multifonction-a-reservoirs-rechargeables\/\",\"name\":\"Epson EcoTank L5290 Imprimante pro multifonction \u00e0 r\u00e9servoirs rechargeables - OwiStore\",\"isPartOf\":{\"@id\":\"https:\/\/owistoremaroc.com\/#website\"},\"primaryImageOfPage\":{\"@id\":\"https:\/\/owistoremaroc.com\/index.php\/produit\/epson-ecotank-l5290-imprimante-pro-multifonction-a-reservoirs-rechargeables\/#primaryimage\"},\"image\":{\"@id\":\"https:\/\/owistoremaroc.com\/index.php\/produit\/epson-ecotank-l5290-imprimante-pro-multifonction-a-reservoirs-rechargeables\/#primaryimage\"},\"thumbnailUrl\":\"https:\/\/owistoremaroc.com\/wp-content\/uploads\/2024\/09\/epson-ecotank-l5290-imprimante-pro-multifonction-a-reservoirs-rechargeables-c11cj65405.webp\",\"datePublished\":\"2024-09-23T09:41:45+00:00\",\"dateModified\":\"2024-09-23T09:41:45+00:00\",\"breadcrumb\":{\"@id\":\"https:\/\/owistoremaroc.com\/index.php\/produit\/epson-ecotank-l5290-imprimante-pro-multifonction-a-reservoirs-rechargeables\/#breadcrumb\"},\"inLanguage\":\"fr-FR\",\"potentialAction\":[{\"@type\":\"ReadAction\",\"target\":[\"https:\/\/owistoremaroc.com\/index.php\/produit\/epson-ecotank-l5290-imprimante-pro-multifonction-a-reservoirs-rechargeables\/\"]}]},{\"@type\":\"ImageObject\",\"inLanguage\":\"fr-FR\",\"@id\":\"https:\/\/owistoremaroc.com\/index.php\/produit\/epson-ecotank-l5290-imprimante-pro-multifonction-a-reservoirs-rechargeables\/#primaryimage\",\"url\":\"https:\/\/owistoremaroc.com\/wp-content\/uploads\/2024\/09\/epson-ecotank-l5290-imprimante-pro-multifonction-a-reservoirs-rechargeables-c11cj65405.webp\",\"contentUrl\":\"https:\/\/owistoremaroc.com\/wp-content\/uploads\/2024\/09\/epson-ecotank-l5290-imprimante-pro-multifonction-a-reservoirs-rechargeables-c11cj65405.webp\",\"width\":1000,\"height\":1260},{\"@type\":\"BreadcrumbList\",\"@id\":\"https:\/\/owistoremaroc.com\/index.php\/produit\/epson-ecotank-l5290-imprimante-pro-multifonction-a-reservoirs-rechargeables\/#breadcrumb\",\"itemListElement\":[{\"@type\":\"ListItem\",\"position\":1,\"name\":\"Accueil\",\"item\":\"https:\/\/owistoremaroc.com\/\"},{\"@type\":\"ListItem\",\"position\":2,\"name\":\"Shop\",\"item\":\"https:\/\/owistoremaroc.com\/index.php\/shop\/\"},{\"@type\":\"ListItem\",\"position\":3,\"name\":\"Epson EcoTank L5290 Imprimante pro multifonction \u00e0 r\u00e9servoirs rechargeables\"}]},{\"@type\":\"WebSite\",\"@id\":\"https:\/\/owistoremaroc.com\/#website\",\"url\":\"https:\/\/owistoremaroc.com\/\",\"name\":\"OwiStore\",\"description\":\"\",\"publisher\":{\"@id\":\"https:\/\/owistoremaroc.com\/#organization\"},\"potentialAction\":[{\"@type\":\"SearchAction\",\"target\":{\"@type\":\"EntryPoint\",\"urlTemplate\":\"https:\/\/owistoremaroc.com\/?s={search_term_string}\"},\"query-input\":{\"@type\":\"PropertyValueSpecification\",\"valueRequired\":true,\"valueName\":\"search_term_string\"}}],\"inLanguage\":\"fr-FR\"},{\"@type\":\"Organization\",\"@id\":\"https:\/\/owistoremaroc.com\/#organization\",\"name\":\"OwiStore\",\"url\":\"https:\/\/owistoremaroc.com\/\",\"logo\":{\"@type\":\"ImageObject\",\"inLanguage\":\"fr-FR\",\"@id\":\"https:\/\/owistoremaroc.com\/#\/schema\/logo\/image\/\",\"url\":\"https:\/\/owistoremaroc.com\/wp-content\/uploads\/2024\/07\/PhotoRoom-20240711_150305.png\",\"contentUrl\":\"https:\/\/owistoremaroc.com\/wp-content\/uploads\/2024\/07\/PhotoRoom-20240711_150305.png\",\"width\":1080,\"height\":1080,\"caption\":\"OwiStore\"},\"image\":{\"@id\":\"https:\/\/owistoremaroc.com\/#\/schema\/logo\/image\/\"}}]}<\/script>\n<!-- \/ Yoast SEO plugin. -->","yoast_head_json":{"title":"Epson EcoTank L5290 Imprimante pro multifonction \u00e0 r\u00e9servoirs rechargeables - OwiStore","robots":{"index":"index","follow":"follow","max-snippet":"max-snippet:-1","max-image-preview":"max-image-preview:large","max-video-preview":"max-video-preview:-1"},"canonical":"https:\/\/owistoremaroc.com\/index.php\/produit\/epson-ecotank-l5290-imprimante-pro-multifonction-a-reservoirs-rechargeables\/","og_locale":"fr_FR","og_type":"article","og_title":"Epson EcoTank L5290 Imprimante pro multifonction \u00e0 r\u00e9servoirs rechargeables - OwiStore","og_description":"Epson EcoTank L5290 Imprimante pro multifonction \u00e0 r\u00e9servoirs rechargeables","og_url":"https:\/\/owistoremaroc.com\/index.php\/produit\/epson-ecotank-l5290-imprimante-pro-multifonction-a-reservoirs-rechargeables\/","og_site_name":"OwiStore","og_image":[{"width":1000,"height":1260,"url":"https:\/\/owistoremaroc.com\/wp-content\/uploads\/2024\/09\/epson-ecotank-l5290-imprimante-pro-multifonction-a-reservoirs-rechargeables-c11cj65405.webp","type":"image\/webp"}],"twitter_card":"summary_large_image","twitter_misc":{"Dur\u00e9e de lecture estim\u00e9e":"1 minute"},"schema":{"@context":"https:\/\/schema.org","@graph":[{"@type":"WebPage","@id":"https:\/\/owistoremaroc.com\/index.php\/produit\/epson-ecotank-l5290-imprimante-pro-multifonction-a-reservoirs-rechargeables\/","url":"https:\/\/owistoremaroc.com\/index.php\/produit\/epson-ecotank-l5290-imprimante-pro-multifonction-a-reservoirs-rechargeables\/","name":"Epson EcoTank L5290 Imprimante pro multifonction \u00e0 r\u00e9servoirs rechargeables - OwiStore","isPartOf":{"@id":"https:\/\/owistoremaroc.com\/#website"},"primaryImageOfPage":{"@id":"https:\/\/owistoremaroc.com\/index.php\/produit\/epson-ecotank-l5290-imprimante-pro-multifonction-a-reservoirs-rechargeables\/#primaryimage"},"image":{"@id":"https:\/\/owistoremaroc.com\/index.php\/produit\/epson-ecotank-l5290-imprimante-pro-multifonction-a-reservoirs-rechargeables\/#primaryimage"},"thumbnailUrl":"https:\/\/owistoremaroc.com\/wp-content\/uploads\/2024\/09\/epson-ecotank-l5290-imprimante-pro-multifonction-a-reservoirs-rechargeables-c11cj65405.webp","datePublished":"2024-09-23T09:41:45+00:00","dateModified":"2024-09-23T09:41:45+00:00","breadcrumb":{"@id":"https:\/\/owistoremaroc.com\/index.php\/produit\/epson-ecotank-l5290-imprimante-pro-multifonction-a-reservoirs-rechargeables\/#breadcrumb"},"inLanguage":"fr-FR","potentialAction":[{"@type":"ReadAction","target":["https:\/\/owistoremaroc.com\/index.php\/produit\/epson-ecotank-l5290-imprimante-pro-multifonction-a-reservoirs-rechargeables\/"]}]},{"@type":"ImageObject","inLanguage":"fr-FR","@id":"https:\/\/owistoremaroc.com\/index.php\/produit\/epson-ecotank-l5290-imprimante-pro-multifonction-a-reservoirs-rechargeables\/#primaryimage","url":"https:\/\/owistoremaroc.com\/wp-content\/uploads\/2024\/09\/epson-ecotank-l5290-imprimante-pro-multifonction-a-reservoirs-rechargeables-c11cj65405.webp","contentUrl":"https:\/\/owistoremaroc.com\/wp-content\/uploads\/2024\/09\/epson-ecotank-l5290-imprimante-pro-multifonction-a-reservoirs-rechargeables-c11cj65405.webp","width":1000,"height":1260},{"@type":"BreadcrumbList","@id":"https:\/\/owistoremaroc.com\/index.php\/produit\/epson-ecotank-l5290-imprimante-pro-multifonction-a-reservoirs-rechargeables\/#breadcrumb","itemListElement":[{"@type":"ListItem","position":1,"name":"Accueil","item":"https:\/\/owistoremaroc.com\/"},{"@type":"ListItem","position":2,"name":"Shop","item":"https:\/\/owistoremaroc.com\/index.php\/shop\/"},{"@type":"ListItem","position":3,"name":"Epson EcoTank L5290 Imprimante pro multifonction \u00e0 r\u00e9servoirs rechargeables"}]},{"@type":"WebSite","@id":"https:\/\/owistoremaroc.com\/#website","url":"https:\/\/owistoremaroc.com\/","name":"OwiStore","description":"","publisher":{"@id":"https:\/\/owistoremaroc.com\/#organization"},"potentialAction":[{"@type":"SearchAction","target":{"@type":"EntryPoint","urlTemplate":"https:\/\/owistoremaroc.com\/?s={search_term_string}"},"query-input":{"@type":"PropertyValueSpecification","valueRequired":true,"valueName":"search_term_string"}}],"inLanguage":"fr-FR"},{"@type":"Organization","@id":"https:\/\/owistoremaroc.com\/#organization","name":"OwiStore","url":"https:\/\/owistoremaroc.com\/","logo":{"@type":"ImageObject","inLanguage":"fr-FR","@id":"https:\/\/owistoremaroc.com\/#\/schema\/logo\/image\/","url":"https:\/\/owistoremaroc.com\/wp-content\/uploads\/2024\/07\/PhotoRoom-20240711_150305.png","contentUrl":"https:\/\/owistoremaroc.com\/wp-content\/uploads\/2024\/07\/PhotoRoom-20240711_150305.png","width":1080,"height":1080,"caption":"OwiStore"},"image":{"@id":"https:\/\/owistoremaroc.com\/#\/schema\/logo\/image\/"}}]}},"_links":{"self":[{"href":"https:\/\/owistoremaroc.com\/index.php\/wp-json\/wp\/v2\/product\/16221","targetHints":{"allow":["GET"]}}],"collection":[{"href":"https:\/\/owistoremaroc.com\/index.php\/wp-json\/wp\/v2\/product"}],"about":[{"href":"https:\/\/owistoremaroc.com\/index.php\/wp-json\/wp\/v2\/types\/product"}],"replies":[{"embeddable":true,"href":"https:\/\/owistoremaroc.com\/index.php\/wp-json\/wp\/v2\/comments?post=16221"}],"version-history":[{"count":1,"href":"https:\/\/owistoremaroc.com\/index.php\/wp-json\/wp\/v2\/product\/16221\/revisions"}],"predecessor-version":[{"id":16223,"href":"https:\/\/owistoremaroc.com\/index.php\/wp-json\/wp\/v2\/product\/16221\/revisions\/16223"}],"wp:featuredmedia":[{"embeddable":true,"href":"https:\/\/owistoremaroc.com\/index.php\/wp-json\/wp\/v2\/media\/16222"}],"wp:attachment":[{"href":"https:\/\/owistoremaroc.com\/index.php\/wp-json\/wp\/v2\/media?parent=16221"}],"wp:term":[{"taxonomy":"product_cat","embeddable":true,"href":"https:\/\/owistoremaroc.com\/index.php\/wp-json\/wp\/v2\/product_cat?post=16221"},{"taxonomy":"product_tag","embeddable":true,"href":"https:\/\/owistoremaroc.com\/index.php\/wp-json\/wp\/v2\/product_tag?post=16221"}],"curies":[{"name":"wp","href":"https:\/\/api.w.org\/{rel}","templated":true}]}}