{"id":16154,"date":"2024-09-20T14:53:58","date_gmt":"2024-09-20T14:53:58","guid":{"rendered":"https:\/\/owistoremaroc.com\/?post_type=product&#038;p=16154"},"modified":"2024-09-20T14:55:05","modified_gmt":"2024-09-20T14:55:05","slug":"hp-victus-gaming-16-r0000nk-13th-i7","status":"publish","type":"product","link":"https:\/\/owistoremaroc.com\/index.php\/produit\/hp-victus-gaming-16-r0000nk-13th-i7\/","title":{"rendered":"HP Victus Gaming 16-r0000nk 13th i7"},"content":{"rendered":"<p>Processeur : Intel\u00ae Core \u2122 i7 13700H (up to 5,00 GHz, 24 Mo cache L3, 14 c\u0153urs)<\/p>\n<p>M\u00e9moire : 16GB RAM DDR5 &#8211; 5 200 MHz (2 x 8 Go)<\/p>\n<p>Disque dur : 512GB SSD PCIe\u00ae Gen4 NVMe\u2122 Performance M.2<\/p>\n<p>Taille de l&#8217;\u00e9cran : Ecran 16,1&#8221;\u00a0 FHD IPS, 144 Hz micro-bords, antireflet, 250 nits, 45 % NTSC<\/p>\n<p>Carte graphique\u00a0NVIDIA\u00ae GeForce RTX\u2122 4050 GPU 6 Go GDDR6<\/p>\n<p>LAN GbE 10\/100\/1000 int\u00e9gr\u00e9, MediaTek Wi-Fi 6 MT7921 (2&#215;2) et Bluetooth\u00ae 5.3<\/p>\n<p>Clavier avec pav\u00e9 num\u00e9rique, r\u00e9tro\u00e9clair\u00e9, de grande taille, couleur opaque bleu performance<\/p>\n<p>Windows 11 Home<\/p>\n<p>Garantie 1an<\/p>\n","protected":false},"excerpt":{"rendered":"<p><strong>ORDINATEUR PORTABLE HP Victus Gaming 16-r0000nk 13th i7<\/strong><\/p>\n","protected":false},"featured_media":16155,"comment_status":"open","ping_status":"closed","template":"","meta":{"ub_ctt_via":""},"product_cat":[312],"product_tag":[],"class_list":{"0":"post-16154","1":"product","2":"type-product","3":"status-publish","4":"has-post-thumbnail","6":"product_cat-portable-gamer","8":"first","9":"instock","10":"sale","11":"shipping-taxable","12":"purchasable","13":"product-type-simple","14":"add-to-wishlist-after_add_to_cart"},"yoast_head":"<!-- This site is optimized with the Yoast SEO plugin v23.4 - https:\/\/yoast.com\/wordpress\/plugins\/seo\/ -->\n<title>HP Victus Gaming 16-r0000nk 13th i7 - OwiStore<\/title>\n<meta name=\"robots\" content=\"index, follow, max-snippet:-1, max-image-preview:large, max-video-preview:-1\" \/>\n<link rel=\"canonical\" href=\"https:\/\/owistoremaroc.com\/index.php\/produit\/hp-victus-gaming-16-r0000nk-13th-i7\/\" \/>\n<meta property=\"og:locale\" content=\"fr_FR\" \/>\n<meta property=\"og:type\" content=\"article\" \/>\n<meta property=\"og:title\" content=\"HP Victus Gaming 16-r0000nk 13th i7 - OwiStore\" \/>\n<meta property=\"og:description\" content=\"ORDINATEUR PORTABLE HP Victus Gaming 16-r0000nk 13th i7\" \/>\n<meta property=\"og:url\" content=\"https:\/\/owistoremaroc.com\/index.php\/produit\/hp-victus-gaming-16-r0000nk-13th-i7\/\" \/>\n<meta property=\"og:site_name\" content=\"OwiStore\" \/>\n<meta property=\"article:modified_time\" content=\"2024-09-20T14:55:05+00:00\" \/>\n<meta property=\"og:image\" content=\"https:\/\/owistoremaroc.com\/wp-content\/uploads\/2024\/09\/ordinateur-portable-hp-victus-gaming-16-r0000nk-13th-i7-845h2ea.png\" \/>\n\t<meta property=\"og:image:width\" content=\"1000\" \/>\n\t<meta property=\"og:image:height\" content=\"1260\" \/>\n\t<meta property=\"og:image:type\" content=\"image\/png\" \/>\n<meta name=\"twitter:card\" content=\"summary_large_image\" \/>\n<meta name=\"twitter:label1\" content=\"Dur\u00e9e de lecture estim\u00e9e\" \/>\n\t<meta name=\"twitter:data1\" content=\"1 minute\" \/>\n<script type=\"application\/ld+json\" class=\"yoast-schema-graph\">{\"@context\":\"https:\/\/schema.org\",\"@graph\":[{\"@type\":\"WebPage\",\"@id\":\"https:\/\/owistoremaroc.com\/index.php\/produit\/hp-victus-gaming-16-r0000nk-13th-i7\/\",\"url\":\"https:\/\/owistoremaroc.com\/index.php\/produit\/hp-victus-gaming-16-r0000nk-13th-i7\/\",\"name\":\"HP Victus Gaming 16-r0000nk 13th i7 - OwiStore\",\"isPartOf\":{\"@id\":\"https:\/\/owistoremaroc.com\/#website\"},\"primaryImageOfPage\":{\"@id\":\"https:\/\/owistoremaroc.com\/index.php\/produit\/hp-victus-gaming-16-r0000nk-13th-i7\/#primaryimage\"},\"image\":{\"@id\":\"https:\/\/owistoremaroc.com\/index.php\/produit\/hp-victus-gaming-16-r0000nk-13th-i7\/#primaryimage\"},\"thumbnailUrl\":\"https:\/\/owistoremaroc.com\/wp-content\/uploads\/2024\/09\/ordinateur-portable-hp-victus-gaming-16-r0000nk-13th-i7-845h2ea.png\",\"datePublished\":\"2024-09-20T14:53:58+00:00\",\"dateModified\":\"2024-09-20T14:55:05+00:00\",\"breadcrumb\":{\"@id\":\"https:\/\/owistoremaroc.com\/index.php\/produit\/hp-victus-gaming-16-r0000nk-13th-i7\/#breadcrumb\"},\"inLanguage\":\"fr-FR\",\"potentialAction\":[{\"@type\":\"ReadAction\",\"target\":[\"https:\/\/owistoremaroc.com\/index.php\/produit\/hp-victus-gaming-16-r0000nk-13th-i7\/\"]}]},{\"@type\":\"ImageObject\",\"inLanguage\":\"fr-FR\",\"@id\":\"https:\/\/owistoremaroc.com\/index.php\/produit\/hp-victus-gaming-16-r0000nk-13th-i7\/#primaryimage\",\"url\":\"https:\/\/owistoremaroc.com\/wp-content\/uploads\/2024\/09\/ordinateur-portable-hp-victus-gaming-16-r0000nk-13th-i7-845h2ea.png\",\"contentUrl\":\"https:\/\/owistoremaroc.com\/wp-content\/uploads\/2024\/09\/ordinateur-portable-hp-victus-gaming-16-r0000nk-13th-i7-845h2ea.png\",\"width\":1000,\"height\":1260},{\"@type\":\"BreadcrumbList\",\"@id\":\"https:\/\/owistoremaroc.com\/index.php\/produit\/hp-victus-gaming-16-r0000nk-13th-i7\/#breadcrumb\",\"itemListElement\":[{\"@type\":\"ListItem\",\"position\":1,\"name\":\"Accueil\",\"item\":\"https:\/\/owistoremaroc.com\/\"},{\"@type\":\"ListItem\",\"position\":2,\"name\":\"Shop\",\"item\":\"https:\/\/owistoremaroc.com\/index.php\/shop\/\"},{\"@type\":\"ListItem\",\"position\":3,\"name\":\"HP Victus Gaming 16-r0000nk 13th i7\"}]},{\"@type\":\"WebSite\",\"@id\":\"https:\/\/owistoremaroc.com\/#website\",\"url\":\"https:\/\/owistoremaroc.com\/\",\"name\":\"OwiStore\",\"description\":\"\",\"publisher\":{\"@id\":\"https:\/\/owistoremaroc.com\/#organization\"},\"potentialAction\":[{\"@type\":\"SearchAction\",\"target\":{\"@type\":\"EntryPoint\",\"urlTemplate\":\"https:\/\/owistoremaroc.com\/?s={search_term_string}\"},\"query-input\":{\"@type\":\"PropertyValueSpecification\",\"valueRequired\":true,\"valueName\":\"search_term_string\"}}],\"inLanguage\":\"fr-FR\"},{\"@type\":\"Organization\",\"@id\":\"https:\/\/owistoremaroc.com\/#organization\",\"name\":\"OwiStore\",\"url\":\"https:\/\/owistoremaroc.com\/\",\"logo\":{\"@type\":\"ImageObject\",\"inLanguage\":\"fr-FR\",\"@id\":\"https:\/\/owistoremaroc.com\/#\/schema\/logo\/image\/\",\"url\":\"https:\/\/owistoremaroc.com\/wp-content\/uploads\/2024\/07\/PhotoRoom-20240711_150305.png\",\"contentUrl\":\"https:\/\/owistoremaroc.com\/wp-content\/uploads\/2024\/07\/PhotoRoom-20240711_150305.png\",\"width\":1080,\"height\":1080,\"caption\":\"OwiStore\"},\"image\":{\"@id\":\"https:\/\/owistoremaroc.com\/#\/schema\/logo\/image\/\"}}]}<\/script>\n<!-- \/ Yoast SEO plugin. -->","yoast_head_json":{"title":"HP Victus Gaming 16-r0000nk 13th i7 - OwiStore","robots":{"index":"index","follow":"follow","max-snippet":"max-snippet:-1","max-image-preview":"max-image-preview:large","max-video-preview":"max-video-preview:-1"},"canonical":"https:\/\/owistoremaroc.com\/index.php\/produit\/hp-victus-gaming-16-r0000nk-13th-i7\/","og_locale":"fr_FR","og_type":"article","og_title":"HP Victus Gaming 16-r0000nk 13th i7 - OwiStore","og_description":"ORDINATEUR PORTABLE HP Victus Gaming 16-r0000nk 13th i7","og_url":"https:\/\/owistoremaroc.com\/index.php\/produit\/hp-victus-gaming-16-r0000nk-13th-i7\/","og_site_name":"OwiStore","article_modified_time":"2024-09-20T14:55:05+00:00","og_image":[{"width":1000,"height":1260,"url":"https:\/\/owistoremaroc.com\/wp-content\/uploads\/2024\/09\/ordinateur-portable-hp-victus-gaming-16-r0000nk-13th-i7-845h2ea.png","type":"image\/png"}],"twitter_card":"summary_large_image","twitter_misc":{"Dur\u00e9e de lecture estim\u00e9e":"1 minute"},"schema":{"@context":"https:\/\/schema.org","@graph":[{"@type":"WebPage","@id":"https:\/\/owistoremaroc.com\/index.php\/produit\/hp-victus-gaming-16-r0000nk-13th-i7\/","url":"https:\/\/owistoremaroc.com\/index.php\/produit\/hp-victus-gaming-16-r0000nk-13th-i7\/","name":"HP Victus Gaming 16-r0000nk 13th i7 - OwiStore","isPartOf":{"@id":"https:\/\/owistoremaroc.com\/#website"},"primaryImageOfPage":{"@id":"https:\/\/owistoremaroc.com\/index.php\/produit\/hp-victus-gaming-16-r0000nk-13th-i7\/#primaryimage"},"image":{"@id":"https:\/\/owistoremaroc.com\/index.php\/produit\/hp-victus-gaming-16-r0000nk-13th-i7\/#primaryimage"},"thumbnailUrl":"https:\/\/owistoremaroc.com\/wp-content\/uploads\/2024\/09\/ordinateur-portable-hp-victus-gaming-16-r0000nk-13th-i7-845h2ea.png","datePublished":"2024-09-20T14:53:58+00:00","dateModified":"2024-09-20T14:55:05+00:00","breadcrumb":{"@id":"https:\/\/owistoremaroc.com\/index.php\/produit\/hp-victus-gaming-16-r0000nk-13th-i7\/#breadcrumb"},"inLanguage":"fr-FR","potentialAction":[{"@type":"ReadAction","target":["https:\/\/owistoremaroc.com\/index.php\/produit\/hp-victus-gaming-16-r0000nk-13th-i7\/"]}]},{"@type":"ImageObject","inLanguage":"fr-FR","@id":"https:\/\/owistoremaroc.com\/index.php\/produit\/hp-victus-gaming-16-r0000nk-13th-i7\/#primaryimage","url":"https:\/\/owistoremaroc.com\/wp-content\/uploads\/2024\/09\/ordinateur-portable-hp-victus-gaming-16-r0000nk-13th-i7-845h2ea.png","contentUrl":"https:\/\/owistoremaroc.com\/wp-content\/uploads\/2024\/09\/ordinateur-portable-hp-victus-gaming-16-r0000nk-13th-i7-845h2ea.png","width":1000,"height":1260},{"@type":"BreadcrumbList","@id":"https:\/\/owistoremaroc.com\/index.php\/produit\/hp-victus-gaming-16-r0000nk-13th-i7\/#breadcrumb","itemListElement":[{"@type":"ListItem","position":1,"name":"Accueil","item":"https:\/\/owistoremaroc.com\/"},{"@type":"ListItem","position":2,"name":"Shop","item":"https:\/\/owistoremaroc.com\/index.php\/shop\/"},{"@type":"ListItem","position":3,"name":"HP Victus Gaming 16-r0000nk 13th i7"}]},{"@type":"WebSite","@id":"https:\/\/owistoremaroc.com\/#website","url":"https:\/\/owistoremaroc.com\/","name":"OwiStore","description":"","publisher":{"@id":"https:\/\/owistoremaroc.com\/#organization"},"potentialAction":[{"@type":"SearchAction","target":{"@type":"EntryPoint","urlTemplate":"https:\/\/owistoremaroc.com\/?s={search_term_string}"},"query-input":{"@type":"PropertyValueSpecification","valueRequired":true,"valueName":"search_term_string"}}],"inLanguage":"fr-FR"},{"@type":"Organization","@id":"https:\/\/owistoremaroc.com\/#organization","name":"OwiStore","url":"https:\/\/owistoremaroc.com\/","logo":{"@type":"ImageObject","inLanguage":"fr-FR","@id":"https:\/\/owistoremaroc.com\/#\/schema\/logo\/image\/","url":"https:\/\/owistoremaroc.com\/wp-content\/uploads\/2024\/07\/PhotoRoom-20240711_150305.png","contentUrl":"https:\/\/owistoremaroc.com\/wp-content\/uploads\/2024\/07\/PhotoRoom-20240711_150305.png","width":1080,"height":1080,"caption":"OwiStore"},"image":{"@id":"https:\/\/owistoremaroc.com\/#\/schema\/logo\/image\/"}}]}},"_links":{"self":[{"href":"https:\/\/owistoremaroc.com\/index.php\/wp-json\/wp\/v2\/product\/16154","targetHints":{"allow":["GET"]}}],"collection":[{"href":"https:\/\/owistoremaroc.com\/index.php\/wp-json\/wp\/v2\/product"}],"about":[{"href":"https:\/\/owistoremaroc.com\/index.php\/wp-json\/wp\/v2\/types\/product"}],"replies":[{"embeddable":true,"href":"https:\/\/owistoremaroc.com\/index.php\/wp-json\/wp\/v2\/comments?post=16154"}],"version-history":[{"count":1,"href":"https:\/\/owistoremaroc.com\/index.php\/wp-json\/wp\/v2\/product\/16154\/revisions"}],"predecessor-version":[{"id":16156,"href":"https:\/\/owistoremaroc.com\/index.php\/wp-json\/wp\/v2\/product\/16154\/revisions\/16156"}],"wp:featuredmedia":[{"embeddable":true,"href":"https:\/\/owistoremaroc.com\/index.php\/wp-json\/wp\/v2\/media\/16155"}],"wp:attachment":[{"href":"https:\/\/owistoremaroc.com\/index.php\/wp-json\/wp\/v2\/media?parent=16154"}],"wp:term":[{"taxonomy":"product_cat","embeddable":true,"href":"https:\/\/owistoremaroc.com\/index.php\/wp-json\/wp\/v2\/product_cat?post=16154"},{"taxonomy":"product_tag","embeddable":true,"href":"https:\/\/owistoremaroc.com\/index.php\/wp-json\/wp\/v2\/product_tag?post=16154"}],"curies":[{"name":"wp","href":"https:\/\/api.w.org\/{rel}","templated":true}]}}